tiple of 4?
False
Let m(v) = 6*v - 6. Suppose 2*i + 3 = 15. Is 16 a factor of m(i)?
False
Suppose -3*f = 5*t - 62, -f + 5*t + 33 = f. Suppose -5*j + f = -11. Is j a multiple of 3?
True
Let r = 41 + -19. Is r a multiple of 11?
True
Let h(k) = k. Let q be h(1). Let v(w) = 12*w**2. Let r be v(q). Is 3/(-1)*(-16)/r even?
True
Let g = -29 + 61. Does 32 divide g?
True
Let y = 395 + -252. Does 13 divide y?
True
Suppose 11 = -2*m + 43. Does 14 divide m?
False
Let m(d) be the first derivative of d**4/4 + 5*d**3 + 5*d**2 - 16*d + 3. Is 8 a factor of m(-14)?
True
Suppose -5*g + 720 - 90 = 0. Does 14 divide g?
True
Let x = 348 - 204. Is 24 a factor of x?
True
Suppose -14*z = -17*z + 90. Is 10 a factor of z?
True
Suppose 12 = -3*b, 5*b = g + 2*g - 179. Suppose 0 = -q + p + g, q + 3*q = -5*p + 167. Does 12 divide q?
True
Suppose 96*k = 95*k + 37. Is 3 a factor of k?
False
Let o(w) = -2*w + 30. Does 4 divide o(-7)?
True
Let a(u) = 2*u - 1. Let s be a(3). Suppose 0 = 2*k - 3*l - 102, 2*k - 172 = -k - s*l. Let c = k + -30. Is 18 a factor of c?
False
Suppose -5*s + 8*s + 1330 = 5*l, 0 = -3*l + 5*s + 798. Is 38 a factor of l?
True
Let d(z) = -11*z + 28. Is 9 a factor of d(-9)?
False
Let o = 5 - 10. Let r = o - -6. Suppose r - 18 = -v. Is 12 a factor of v?
False
Let r = 0 - 6. Let c be (r/5)/((-2)/(-20)). Is -3*2/c*12 a multiple of 3?
True
Suppose 365 = 7*l - 251. Does 4 divide l?
True
Let v(c) be the third derivative of 0*c - 19/120*c**6 - 3*c**2 + 1/12*c**4 + 1/30*c**5 + 0 + 1/6*c**3. Is v(-1) a multiple of 18?
False
Suppose -66*c + 3672 = -57*c. Is c a multiple of 68?
True
Let k = 92 - 48. Is k a multiple of 11?
True
Let v = 18 + -2. Is v a multiple of 4?
True
Let m(c) = 61*c**2 - 1. Let w be m(-1). Suppose -s + w = s. Is s a multiple of 10?
True
Suppose 838 = 5*j - l - 247, 0 = -2*l. Is 29 a factor of j?
False
Suppose -2*d + 9 - 1 = -3*b, 2*b - 5*d = -20. Let f be 3 + b/1 + -2. Is (-90)/(-4) + f/(-2) a multiple of 11?
True
Suppose 0 = -0*p - 5*p - 10, -2*r + 116 = 5*p. Let z = 103 - r. Does 8 divide z?
True
Let h be 2*(-2)/12*-3. Let f = 3 - h. Suppose -40 = -3*p + 2*y, -3*p + 0*y = f*y - 56. Is p a multiple of 8?
True
Suppose 0 = c - 0*c + 38. Let h be (-2 - (-2 + c)) + -2. Let t = h + -17. Does 7 divide t?
False
Let w(y) = y**2 + 7*y - 3. Let x be w(-8). Suppose 7 = -x*d + 107. Does 10 divide d?
True
Suppose -6*o = -3*o - 180. Suppose -3*k + o = 2*k. Is k a multiple of 6?
True
Suppose 5*y - 4*m - 895 = -9*m, -5*y + 915 = m. Is 23 a factor of y?
True
Let k = 17 + -17. Let o = 15 + k. Is 15 a factor of o?
True
Let s(i) = 7*i**2 + 2*i + 8. Is s(-4) a multiple of 16?
True
Let i(d) = 3*d**2 + 3*d - 7. Is i(-5) a multiple of 20?
False
Suppose 13 + 7 = -5*g, 4*c + 3*g - 36 = 0. Suppose 3*p - y = 3*y + 12, -5*y = -3*p + c. Is p a multiple of 3?
False
Suppose 2*s + 0*h + 4*h = 0, -3*s + 10 = -4*h. Let f(a) = 3*a**2 + 4*a - a**2 - 9 - s*a**2 + a**2. Is f(-10) a multiple of 26?
False
Suppose -c - 3*x = -3, -3*c + 32 = -4*x - 3. Suppose 100 = 4*j + w, -132 = 4*j - c*j - 3*w. Does 12 divide j?
True
Let o = -1 + 5. Does 3 divide (-18)/o*(-12)/9?
True
Let a be ((-1)/(-2))/((-3)/(-78)). Suppose a = 2*r - 35. Suppose 3*c - 1 = -5*g, 2*g - 3*g = 4*c - r. Is c a multiple of 7?
True
Let d(y) = -y - 3. Let m be d(-3). Suppose -3*t + 0*t + 24 = m. Is (t/(-5))/(8/(-20)) even?
True
Let p = -257 - -411. Is 35 a factor of p?
False
Suppose 6*q + 22 - 142 = 0. Does 10 divide q?
True
Let s(z) = z - 4. Let f be s(8). Suppose h + f*j = 2*h + 13, 4*h + 16 = 4*j. Is 19 - h*(3 + 0) a multiple of 12?
False
Suppose 3*m + 2*m + 5 = 0. Is (72/(-2) + 1)*m a multiple of 17?
False
Suppose 2*z - 6*z = -720. Suppose 2*o + 2*j - z = 0, 5*o - 269 = -3*j + 187. Does 25 divide o?
False
Let b be (-6)/15 - (-1856)/(-10). Let w = -111 - b. Is 14 a factor of w?
False
Let w(n) = -n**2 - 21*n - 12. Is 16 a factor of w(-8)?
False
Suppose 5 + 10 = 3*w. Suppose 4*z + r = 3*r + 12, w*r + 10 = 0. Suppose d - z*d = -8. Is 4 a factor of d?
True
Let d = 44 + -14. Is d a multiple of 12?
False
Let m = -118 - -189. Is m a multiple of 15?
False
Let z be -12*3*1/(-4). Suppose z*j - 5*y = 4*j + 50, 2 = -y. Suppose 2*b - 3*o - 28 = 0, o + 20 = 3*b - j. Is 3 a factor of b?
False
Let t = 5 - -3. Let a be (6/t)/((-2)/8). Let m = a - -9. Is 3 a factor of m?
True
Suppose -3*p - p + 168 = 0. Is p a multiple of 10?
False
Let n be (-2)/(-10) - 149/(-5). Let u = 67 - n. Is u a multiple of 10?
False
Let v be (-3 - -1)/(3/3). Let u(t) = -t**3 - 3*t**2 - 3*t + 4. Let j(p) = p**3 + 1. Let q(n) = -4*j(n) + u(n). Is q(v) a multiple of 17?
True
Suppose 0*s - 2*s - 5*y + 283 = 0, -y - 694 = -5*s. Is s a multiple of 42?
False
Let p(n) = -n**3 - 5*n**2 + 1. Let l be p(-5). Let t(y) = -y**2 + 6*y**2 + 0*y - 2*y + l. Is t(2) a multiple of 10?
False
Suppose -8*z + 16 = -6*z. Is z a multiple of 4?
True
Suppose q = -3 + 5. Suppose q*x - 4 - 26 = 0. Is 11 a factor of x?
False
Suppose 194 = -2*h + 3*h. Does 19 divide h?
False
Let q(x) = -5*x - 13. Is q(-5) a multiple of 6?
True
Let b(y) = -y**3 - 7*y**2 - 8*y - 8. Let a be b(-6). Suppose 2*q - a*q - 41 = -5*o, 4*o - 40 = -2*q. Is 191/o - (-12)/(-54) a multiple of 10?
False
Suppose 165 = 6*k - 3*k. Is 11 a factor of k?
True
Let i(w) = -4*w**2 + 4*w - 5. Let t(k) = k**3 + 8*k**2 - 8*k + 11. Let b(y) = 5*i(y) + 2*t(y). Let j = 4 + -1. Does 8 divide b(j)?
False
Suppose -5*h = 2*p, 5*h - 3*p = 3*h + 19. Let f(v) = -v + 1. Let n(j) = -6*j + 12. Let q(a) = -22*f(a) + 2*n(a). Is 12 a factor of q(h)?
False
Let x = -12 - -86. Is 6 a factor of x?
False
Suppose -3*g = -g + 18. Let a = 15 + g. Is 6 a factor of a?
True
Let h(o) = 3*o**2 + 6*o + 6. Let f be (-2)/(-1) + 3 + -1. Suppose -20 = -f*d + 9*d. Is 10 a factor of h(d)?
True
Suppose -a + 1 = 0, l + 3*a - 11 = -3*l. Suppose -3*q = y - 12, l*q = -3*y + 8 + 14. Does 5 divide y?
False
Is 6 a factor of (-34 - -16)*2*(-5)/4?
False
Let u(k) = k**2 + k + 1. Suppose 2*g = g. Let i be u(g). Is (3*i)/(9/9) a multiple of 2?
False
Suppose -4*o + 7*g + 36 = 3*g, 17 = o - 5*g. Let b(p) = 9*p - p**3 + 2*p**3 - 3*p**2 + 2 + 6 - 5*p**2. Is 14 a factor of b(o)?
False
Let f(t) = -64*t + 1. Let j(p) = -32*p. Let z(w) = -3*f(w) + 5*j(w). Let l be z(2). Suppose -35 = -4*h + l. Is h a multiple of 9?
False
Let a be 2/(16/6 + -2). Suppose -2*q + a + 1 = 0. Let o(z) = 18*z + 2. Does 22 divide o(q)?
False
Let y = -6 - -5. Is 2 a factor of 58/12 + y/(-6)?
False
Suppose -5*l + 19 = -6. Is l a multiple of 4?
False
Let w = 7 + -4. Suppose 2*s = w*h + h - 232, -5*h = -s - 116. Let m = s - -166. Is 21 a factor of m?
False
Suppose 4*v - 5*b = 145 + 130, -4*v + 325 = 5*b. Suppose -4*c + 33 = -v. Is 27 a factor of c?
True
Suppose 7 = -y + 2*f + 3, 0 = 4*y + 3*f - 39. Let q(r) = r + 12 - 2*r + 8*r - 6. Does 16 divide q(y)?
True
Suppose -b = 3*i - 121, 133 = -0*i + 3*i + 4*b. Is 6 a factor of i?
False
Suppose -4*f + 3*f + 3 = 0. Suppose 5*b + 209 = f*a, -122 = -2*a - 0*b - b. Is 21 a factor of a?
True
Suppose -4*k + q - 4*q = -40, 5*k - 50 = -3*q. Is k a multiple of 5?
True
Does 10 divide (28/(-8) - -1)*-20?
True
Let y(a) = a - 1. Let u be y(6). Suppose -38 = -4*w + 2*n, -4*w = -4*n - 31 - u. Does 5 divide w?
True
Suppose a = y + 345, 12*y - 363 = -a + 7*y. Does 29 divide a?
True
Suppose 0 = -31*y + 34*y - 108. Is y a multiple of 14?
False
Suppose -p + 1 = -1. Suppose p*q + 0*q = 36. Is 9 a factor of q?
True
Suppose -t - 2*y = -13, 2*t - y - 19 = t. Let q = 11 + -6. Let c = t - q. Is 6 a factor of c?
True
Let u(w) = w**3 - 5*w**2 + w + 12. Does 17 divide u(5)?
True
Suppose -2*f - 2*f + 24 = 0. Let g = f + -4. Suppose g*k = -2*s + 28, -s + 16 + 22 = 3*k. Is k a multiple of 12?
True
Suppose 5*r - 66 = 4*r. Is 22 a factor of r?
True
Let p = -6 - -11. Let u(q) be the second derivative of q**3/2 + q**2 + 6*q. Is u(p) a multiple of 17?
True
Suppose 0*r + 6 = -u - 5*r, 0 = 4*u - 5*r - 26. Suppose u*y + 10 + 5 = -p, -15 = -4*p - y. Suppose 2*q + 101 = p*j, -65 = j - 4*j - q. Is 10 a factor of j?
False
Let q = -127 + 170. Is q a multiple of 34?
False
Let t be ((-2)/(-4))/((-1)/6). Let n = -1 - t. Does 3 divide (-8)/3*(-3)/n?
False
Let s be -2*1/4*-6. Suppose p - 29 = -3*j, -j = -0*j - s. Is 5 a factor of p?
True
Suppose -131 - 94 = -5*m. Does 15 divide m?
True
Let s = -5 - -8. Suppose -13 = l - 5*a +